{"id":7,"date":"2017-05-11T07:44:54","date_gmt":"2017-05-11T07:44:54","guid":{"rendered":"http:\/\/magrec.de\/?page_id=7"},"modified":"2022-01-03T12:45:36","modified_gmt":"2022-01-03T12:45:36","slug":"startseite","status":"publish","type":"page","link":"https:\/\/magrec.de\/?page_id=7&lang=de","title":{"rendered":"Home"},"content":{"rendered":"<p>Magnesium Sp\u00e4ne<br \/>\n\t\t\t\t\t\t\t\t\t\t\t\t\t\t\t\t\t\t\t\t\t\t\t\t\t\t\t\t\t\t\t\t\t\t\t\t\t\t\t\t\t\t\t\t\t\t\t\t\t\t\t\t\t<a href=\"https:\/\/magrec.de\/?page_id=50&#038;lang=de\"><br \/>\n\t\t\t\t\t\t\t\t\t\t\t\t\t\t\t&#8230; weiter\t\t\t\t\t\t\t\t\t\t\t\t\t\t<\/a><\/p>\n<p><!-- .container --><br \/>\n\t\t\t\t\t\t\t\t <!-- .overlay --><\/p>\n<p>Entsorgung<br \/>\n\t\t\t\t\t\t\t\t\t\t\t\t\t\t\t\t\t\t\t\t\t\t\t\t\t\t\t\t\t\t\t\t\t\t\t\t\t\t\t\t\t\t\t\t\t\t\t\t\t\t\t\t\t<a href=\"https:\/\/magrec.de\/?page_id=48&#038;lang=de\"><br \/>\n\t\t\t\t\t\t\t\t\t\t\t\t\t\t\t&#8230; weiter\t\t\t\t\t\t\t\t\t\t\t\t\t\t<\/a><\/p>\n<p><!-- .container --><br \/>\n\t\t\t\t\t\t\t\t <!-- .overlay --><\/p>\n<p>\u00d6ltrennung<br \/>\n\t\t\t\t\t\t\t\t\t\t\t\t\t\t\t\t\t\t\t\t\t\t\t\t\t\t\t\t\t\t\t\t\t\t\t\t\t\t\t\t\t\t\t\t\t\t\t\t\t\t\t\t\t<a href=\"https:\/\/magrec.de\/?page_id=46&#038;lang=de\"><br \/>\n\t\t\t\t\t\t\t\t\t\t\t\t\t\t\t&#8230; weiter\t\t\t\t\t\t\t\t\t\t\t\t\t\t<\/a><\/p>\n<p><!-- .container --><br \/>\n\t\t\t\t\t\t\t\t <!-- .overlay --><\/p>\n<p>Brikettieren &amp; Wiedergewinnung<br \/>\n\t\t\t\t\t\t\t\t\t\t\t\t\t\t\t\t\t\t\t\t\t\t\t\t\t\t\t\t\t\t\t\t\t\t\t\t\t\t\t\t\t\t\t\t\t\t\t\t\t\t\t\t\t<a href=\"https:\/\/magrec.de\/?page_id=44&#038;lang=de\"><br \/>\n\t\t\t\t\t\t\t\t\t\t\t\t\t\t\t&#8230; weiter\t\t\t\t\t\t\t\t\t\t\t\t\t\t<\/a><\/p>\n<p><!-- .container --><br \/>\n\t\t\t\t\t\t\t\t <!-- .overlay --><\/p>\n<p><a href=\"https:\/\/magrec.de\/?page_id=44&#038;lang=de\"><br \/>\n\t\t\t\t\t\t\t\t\t\t\t\t\t\t\t\t\t\t\t\t\t\t\t\t\t\t\t\t\tMagnesium-Recycling\t\t\t\t\t\t\t\t\t\t\t\t\t\t\t\t\t\t\t\t\t\t\t\t\t\t\t\t\t<\/a><\/p>\n<p>Die zunehmende Verarbeitung&nbsp;von Magnesiumlegierungen in Europa bedeutet auch einen zunehmenden Bedarf an fachgerechter und gesetzeskonformer Entsorgung, sowie dem Recycling der anfallenden Produktionsabf\u00e4lle.Die Magrec Recycling GmbH mit Sitz in F\u00f6ritztal\/Th\u00fcringen hat aufgrund ihrer langj\u00e4hrigen Erfahrung im Bereich Magnesiumentsorgung erkannt, dass mit der zunehmenden Verarbeitung von Magnesiumwerkstoffen der Bedarf an fachgerechter und gesetzeskonformer Entsorgung, sowie das Recycling der anfallenden Produktionsabf\u00e4lle erheblich zunimmt.\u00d6kologisch schonend und mit neuester Technologie ausgestattet, \u00fcbernimmt die Magrec GmbH die Gesamtentsorgung im Magnesiumbereich gem\u00e4\u00df den Richtlinien der Deutschen Bundesimmissions-Schutzverordnung (BimSchV).Neben der Entsorgung s\u00e4mtlicher bei der Ver- und Bearbeitung von Magnesiumreststoffen anfallenden Abfallklassen, wurde speziell f\u00fcr sensiblen Magnesiumsp\u00e4ne eine sichere L\u00f6sung f\u00fcr deren Aufbereitung installiert, die der Nachhaltigkeit des Werkstoffes Rechnung tr\u00e4gt.Auf Wunsch wird f\u00fcr unsere Kunden ein unternehmensspezifisches Entsorgungskonzept erstellt.Eine enge Zusammenarbeit zwischen den Bearbeitungsbetrieben, den K\u00fchlschmierstoffproduzenten und den Umschmelzwerken, erm\u00f6glicht es, einen Magnesiumkreislauf darzustellen, der aus dem Gefahrengut Magnesiumsp\u00e4ne \u00fcber die Stufe der Brikettieren Magnesium-Masseln erzeugen l\u00e4sst, die von den Gie\u00dfereien eingesetzt werden k\u00f6nnen.<\/p>\n<p><!-- \/row --><\/p>\n<p>Unsere Leistungen<br \/>\n\t\t\t\t\t\t\t\t\t\t\t\t\t\t\t\t\t\t\t\t\t\tAls spezialisierter Fachbetrieb f\u00fcr die Verwertung aller Magnesium-Abf\u00e4lle bieten wir f\u00fcr Sie die n\u00f6tigen Leistungen an:<\/p>\n<p><a href=\"https:\/\/magrec.de\/?page_id=50&#038;lang=de\"><br \/>\n\t\t\t\t\t\t\t<img decoding=\"async\" loading=\"lazy\" width=\"300\" height=\"300\" src=\"https:\/\/magrec.de\/wp-content\/uploads\/2017\/05\/Spaene-berab01.jpg\" \/>\t\t\t\t\t\t<\/a><\/p>\n<p><a href=\"https:\/\/magrec.de\/?page_id=50&#038;lang=de\"><br \/>\n\t\t\t\t\t\t\t\t\t\t\t\t\t\t\t\t\t\t\t\t\t\t\t\t\t\t\t\t\tMagnesium Sp\u00e4ne\t\t\t\t\t\t\t\t\t\t\t\t\t\t\t\t\t\t\t\t\t\t\t\t\t\t\t\t\t<\/a><\/p>\n<p><a href=\"https:\/\/magrec.de\/?page_id=50&#038;lang=de\"><br \/>\n\t\t\t\t\t\t\t\t\t\t\t\t\t\tDetails\t\t\t\t\t\t\t\t\t\t\t\t\t<\/a><\/p>\n<p><a href=\"https:\/\/magrec.de\/?page_id=48&#038;lang=de\"><br \/>\n\t\t\t\t\t\t\t<img decoding=\"async\" loading=\"lazy\" width=\"300\" height=\"300\" src=\"https:\/\/magrec.de\/wp-content\/uploads\/2017\/05\/Mg-Kehricht-bearb02.jpg\" \/>\t\t\t\t\t\t<\/a><\/p>\n<p><a href=\"https:\/\/magrec.de\/?page_id=48&#038;lang=de\"><br \/>\n\t\t\t\t\t\t\t\t\t\t\t\t\t\t\t\t\t\t\t\t\t\t\t\t\t\t\t\t\tEntsorgung\t\t\t\t\t\t\t\t\t\t\t\t\t\t\t\t\t\t\t\t\t\t\t\t\t\t\t\t\t<\/a><\/p>\n<p><a href=\"https:\/\/magrec.de\/?page_id=48&#038;lang=de\"><br \/>\n\t\t\t\t\t\t\t\t\t\t\t\t\t\tDetails\t\t\t\t\t\t\t\t\t\t\t\t\t<\/a><\/p>\n<p><a href=\"https:\/\/magrec.de\/?page_id=46&#038;lang=de\"><br \/>\n\t\t\t\t\t\t\t<img decoding=\"async\" loading=\"lazy\" width=\"300\" height=\"300\" src=\"https:\/\/magrec.de\/wp-content\/uploads\/2017\/05\/DSC_0314-berab02.jpg\" \/>\t\t\t\t\t\t<\/a><\/p>\n<p><a href=\"https:\/\/magrec.de\/?page_id=46&#038;lang=de\"><br \/>\n\t\t\t\t\t\t\t\t\t\t\t\t\t\t\t\t\t\t\t\t\t\t\t\t\t\t\t\t\t\u00d6ltrennung\t\t\t\t\t\t\t\t\t\t\t\t\t\t\t\t\t\t\t\t\t\t\t\t\t\t\t\t\t<\/a><\/p>\n<p><a href=\"https:\/\/magrec.de\/?page_id=46&#038;lang=de\"><br \/>\n\t\t\t\t\t\t\t\t\t\t\t\t\t\tDetails\t\t\t\t\t\t\t\t\t\t\t\t\t<\/a><\/p>\n<p><a href=\"https:\/\/magrec.de\/?page_id=44&#038;lang=de\"><br \/>\n\t\t\t\t\t\t\t<img decoding=\"async\" loading=\"lazy\" width=\"300\" height=\"300\" src=\"https:\/\/magrec.de\/wp-content\/uploads\/2017\/05\/DSC_0293-bearb02.jpg\" \/>\t\t\t\t\t\t<\/a><\/p>\n<p><a href=\"https:\/\/magrec.de\/?page_id=44&#038;lang=de\"><br \/>\n\t\t\t\t\t\t\t\t\t\t\t\t\t\t\t\t\t\t\t\t\t\t\t\t\t\t\t\t\tBrikettierung &amp; Wiedergewinnung\t\t\t\t\t\t\t\t\t\t\t\t\t\t\t\t\t\t\t\t\t\t\t\t\t\t\t\t\t<\/a><\/p>\n<p><a href=\"https:\/\/magrec.de\/?page_id=44&#038;lang=de\"><br \/>\n\t\t\t\t\t\t\t\t\t\t\t\t\t\tDetails\t\t\t\t\t\t\t\t\t\t\t\t\t<\/a><\/p>\n<p><!-- \/row --><\/p>\n","protected":false},"excerpt":{"rendered":"<p class=\"excerpt\">Magnesium Sp\u00e4ne &#8230; weiter Entsorgung &#8230; weiter \u00d6ltrennung &#8230; weiter Brikettieren &amp; Wiedergewinnung &#8230; weiter Magnesium-Recycling Die zunehmende Verarbeitung&nbsp;von Magnesiumlegierungen in Europa bedeutet auch einen zunehmenden Bedarf an fachgerechter und gesetzeskonformer Entsorgung, sowie dem Recycling der anfallenden Produktionsabf\u00e4lle.Die Magrec Recycling GmbH mit Sitz in F\u00f6ritztal\/Th\u00fcringen hat aufgrund ihrer langj\u00e4hrigen Erfahrung im Bereich Magnesiumentsorgung erkannt, dass [&hellip;]<\/p>\n","protected":false},"author":1,"featured_media":0,"parent":0,"menu_order":1,"comment_status":"closed","ping_status":"closed","template":"builder.php","meta":[],"_links":{"self":[{"href":"https:\/\/magrec.de\/index.php?rest_route=\/wp\/v2\/pages\/7"}],"collection":[{"href":"https:\/\/magrec.de\/index.php?rest_route=\/wp\/v2\/pages"}],"about":[{"href":"https:\/\/magrec.de\/index.php?rest_route=\/wp\/v2\/types\/page"}],"author":[{"embeddable":true,"href":"https:\/\/magrec.de\/index.php?rest_route=\/wp\/v2\/users\/1"}],"replies":[{"embeddable":true,"href":"https:\/\/magrec.de\/index.php?rest_route=%2Fwp%2Fv2%2Fcomments&post=7"}],"version-history":[{"count":187,"href":"https:\/\/magrec.de\/index.php?rest_route=\/wp\/v2\/pages\/7\/revisions"}],"predecessor-version":[{"id":757,"href":"https:\/\/magrec.de\/index.php?rest_route=\/wp\/v2\/pages\/7\/revisions\/757"}],"wp:attachment":[{"href":"https:\/\/magrec.de\/index.php?rest_route=%2Fwp%2Fv2%2Fmedia&parent=7"}],"curies":[{"name":"wp","href":"https:\/\/api.w.org\/{rel}","templated":true}]}}