{"id":44,"date":"2017-05-12T07:29:21","date_gmt":"2017-05-12T07:29:21","guid":{"rendered":"http:\/\/magrec.de\/?page_id=44"},"modified":"2022-01-03T12:45:35","modified_gmt":"2022-01-03T12:45:35","slug":"brikettieren-wiedergewinnung","status":"publish","type":"page","link":"https:\/\/magrec.de\/?page_id=44&lang=de","title":{"rendered":"Brikettieren &#038; Wiedergewinnung"},"content":{"rendered":"<p><a href=\"#more\"><\/p>\n<p>Brikettieren &amp; Wiedergewinnung<br \/>\n\t\t\t\t\t\t\t\t\t\t\t\t\t\t\t\t\t\t\t\t\t\t\t\t\t\t\t\t\t\t\t\t\t\t\t\t\t\t\t\tNach der Ent\u00f6lung werden die Magnesium-Sp\u00e4ne in einer eigens entwickelten Anlage, welche der BimSchV, dem Amt f\u00fcr Arbeitschutz und Brandschutz, entspricht, verpresst und brikettiert. Unsere Partner arbeiten in Schmelzwerken die Briketts zu Masseln um, die wiederum an \u00a0Magnesiume-Giessereien geliefert werden. Damit ist auch dieser Magnesium-Kreislauf geschlossen.<\/p>\n<p><!-- .container --><br \/>\n\t\t\t\t\t\t\t\t <!-- .overlay --><\/p>\n<p><\/a><br \/>\n\t\t\t\t\t\t\t\t\t\t\t\t\t<a href=\"#more\"><\/p>\n<p>Brikettieren &amp; Wiedergewinnung<br \/>\n\t\t\t\t\t\t\t\t\t\t\t\t\t\t\t\t\t\t\t\t\t\t\t\t\t\t\t\t\t\t\t\t\t\t\t\t\t\t\t\tNach der Ent\u00f6lung werden die Magnesium-Sp\u00e4ne in einer eigens entwickelten Anlage, welche der BimSchV, dem Amt f\u00fcr Arbeitschutz und Brandschutz, entspricht, verpresst und brikettiert. Unsere Partner arbeiten in Schmelzwerken die Briketts zu Masseln um, die wiederum an \u00a0Magnesiume-Giessereien geliefert werden. Damit ist auch dieser Magnesium-Kreislauf geschlossen.<\/p>\n<p><!-- .container --><br \/>\n\t\t\t\t\t\t\t\t <!-- .overlay --><\/p>\n<p><\/a><\/p>\n","protected":false},"excerpt":{"rendered":"<p class=\"excerpt\">Brikettieren &amp; Wiedergewinnung Nach der Ent\u00f6lung werden die Magnesium-Sp\u00e4ne in einer eigens entwickelten Anlage, welche der BimSchV, dem Amt f\u00fcr Arbeitschutz und Brandschutz, entspricht, verpresst und brikettiert. Unsere Partner arbeiten in Schmelzwerken die Briketts zu Masseln um, die wiederum an \u00a0Magnesiume-Giessereien geliefert werden. Damit ist auch dieser Magnesium-Kreislauf geschlossen. Brikettieren &amp; Wiedergewinnung Nach der Ent\u00f6lung [&hellip;]<\/p>\n","protected":false},"author":1,"featured_media":0,"parent":22,"menu_order":7,"comment_status":"closed","ping_status":"closed","template":"builder.php","meta":[],"_links":{"self":[{"href":"https:\/\/magrec.de\/index.php?rest_route=\/wp\/v2\/pages\/44"}],"collection":[{"href":"https:\/\/magrec.de\/index.php?rest_route=\/wp\/v2\/pages"}],"about":[{"href":"https:\/\/magrec.de\/index.php?rest_route=\/wp\/v2\/types\/page"}],"author":[{"embeddable":true,"href":"https:\/\/magrec.de\/index.php?rest_route=\/wp\/v2\/users\/1"}],"replies":[{"embeddable":true,"href":"https:\/\/magrec.de\/index.php?rest_route=%2Fwp%2Fv2%2Fcomments&post=44"}],"version-history":[{"count":12,"href":"https:\/\/magrec.de\/index.php?rest_route=\/wp\/v2\/pages\/44\/revisions"}],"predecessor-version":[{"id":687,"href":"https:\/\/magrec.de\/index.php?rest_route=\/wp\/v2\/pages\/44\/revisions\/687"}],"up":[{"embeddable":true,"href":"https:\/\/magrec.de\/index.php?rest_route=\/wp\/v2\/pages\/22"}],"wp:attachment":[{"href":"https:\/\/magrec.de\/index.php?rest_route=%2Fwp%2Fv2%2Fmedia&parent=44"}],"curies":[{"name":"wp","href":"https:\/\/api.w.org\/{rel}","templated":true}]}}